 What is the greatest common divisor of a and i?
10
Let l = 180 - 179. Suppose 29 = 4*k + r, -4*k + 5 = -3*k - 2*r. Let i = k + -4. What is the greatest common divisor of l and i?
1
Suppose 4*b = b + 99. Calculate the greatest common divisor of b and 22.
11
Let t = -30 + 68. Suppose 0*v - 2*v = -3*o - t, -5*v + 3*o + 77 = 0. Suppose 2*l + 54 = 4*d, l - 3 = -4. What is the highest common divisor of d and v?
13
Let f = 19 - 16. Let c(o) = o**2 + 2*o + 1. Let b be c(-2). Calculate the greatest common factor of f and b.
1
Suppose 2*s = 4*s + 2, 0 = -5*x - 4*s + 81. Suppose 0 = 5*y - 20, y + x = 2*i - 31. Calculate the highest common divisor of i and 65.
13
Let m(h) = 13*h**2 - 1. Let i be m(1). Let d = -3 - -4. Suppose -s = -2 - d. Calculate the greatest common divisor of i and s.
3
Let m(h) = -30*h. Let v be m(-2). Suppose 5*s = -3*i - 130, -i + 38 = -s - 4*i. Let k = 63 + s. What is the highest common divisor of k and v?
20
Let u be (-3 + -2 - -2)*-1. Suppose -u*w + 8*w - 94 = -4*v, -76 = -4*v + 4*w. Calculate the highest common divisor of v and 168.
21
Suppose 7*k = k + 90. Calculate the highest common divisor of k and 15.
15
Let p(q) = 2*q - 5. Let v be p(4). Suppose 5*n = -v + 88. What is the greatest common divisor of n and 68?
17
Let h(c) = -3*c - 5. Let f be h(-6). What is the highest common factor of 39 and f?
13
Suppose -4*f + 15 = 5*p - 7, 0 = 2*f - 5*p + 4. Suppose -3*w = f*g - 435, -4*w - 3*g = -9*w + 717. What is the highest common factor of 16 and w?
16
Let i(h) = -h**3 - 5*h**2 + h + 5. Let z be i(-5). Suppose 2*t + z*t = 220. Calculate the highest common factor of t and 10.
10
Let c(o) = -o**3 - 5*o**2 - 2*o - 6. Let h be c(-5). What is the greatest common factor of h and 36?
4
Let t = 7 + -2. Let b be 3/t - (-114)/10. Calculate the greatest common factor of b and 48.
12
Let l = 71 - 49. Let w = 43 - 21. Calculate the highest common factor of w and l.
22
Let c(g) = 3*g + 3. Let u be 7 + -7 - (-1 - -7). Let w be c(u). Let l = 5 - w. What is the greatest common factor of l and 8?
4
Let k be (-1 - 2)/(4/(-20)). What is the highest common divisor of 10 and k?
5
Let k be (-6)/(-15) - (-324)/15. Calculate the highest common factor of k and 2.
2
Let f(i) be the second derivative of -i**3 - 2*i**2 + 2*i. Let z be f(-3). Calculate the highest common divisor of z and 154.
14
Suppose 0 = 2*p + 2*c - 22, 3*c - 5*c = p - 12. Calculate the highest common divisor of p and 2.
2
Let h be (1 - -11) + (0 - -3). Let a be (h/(-30))/(1/(-60)). Suppose 32 = 4*n + 8. Calculate the greatest common factor of a and n.
6
Let x(o) = 2*o**2 + 1. Let z be -12*(3/(-1) + 2). Let t be (-2)/z + 215/30. Let j be x(t). Calculate the highest common divisor of j and 9.
9
Let t(q) = -2*q - 1. Let z be t(-1). Suppose 0 = h + z. Let y(v) = -10*v**3 + v**2 - v - 1. Let o be y(h). Calculate the greatest common factor of o and 33.
11
Let g = 73 - 29. What is the highest common factor of g and 66?
22
Suppose -5*f + 81 = 4*v, 2*v - 5*f = -4*f + 51. Suppose 41 = -r + 2*r - 5*d, -3*r - 3*d + 105 = 0. Calculate the greatest common factor of v and r.
12
Suppose -11*q + 8 = -7*q. Calculate the greatest common divisor of q and 10.
2
Suppose -3*z - 24 = -4*z. Suppose 3*o = d + 3*d - 44, -d + o = -12. What is the greatest common factor of d and z?
8
Let z be (-4 - -264)*(6/15)/1. Calculate the highest common divisor of z and 39.
13
Let t(r) = 4*r - 12. Let c be t(7). Let l be 3/(-12) - 46/8. Let y be -9*(2 + c/l). What is the greatest common divisor of 18 and y?
6
Suppose 0 = 5*t - 3*x + 19, -2*t - 4*x - 17 = 1. Let g be 6*(10/6 + -1). Let j be (-1)/t + g/5. What is the highest common divisor of 1 and j?
1
Suppose 2*d = 8*d - 240. Suppose -3*y - 2*v = -20, y = 2*v - 3*v + 5. Calculate the highest common factor of y and d.
10
Let s = 6 - 5. Let k(j) = -24*j. Let i(n) = n + 1. Let q(w) = -i(w) - k(w). Let r be q(s). Calculate the greatest common factor of 33 and r.
11
Suppose -5*r + 0*g = 3*g - 12, 2*r = -3*g + 3. Let d = r + 6. Suppose 0 = m - d - 3. What is the greatest common divisor of 4 and m?
4
Suppose 2210 = 12*k - 7*k. Calculate the highest common divisor of k and 26.
26
Let a = -26 + 34. Calculate the greatest common divisor of 64 and a.
8
Let r(m) = m**2 - 7*m + 2. Let q be r(6). Let y = 14 + q. Suppose 4*x = -20, 3*x = -u + 30 + 5. Calculate the highest common divisor of u and y.
10
Suppose v - 3*v = 70. Let b = v + 67. Suppose 5*y = -25 + 65. Calculate the highest common divisor of b and y.
8
Suppose -g - 2*v + 1 = 0, -14 = -3*g + 3*v + 7. Suppose 17 = g*s - 8. Suppose z = 5 - 0. Calculate the highest common factor of z and s.
5
Let p(a) = a**2 - 12*a - 8. Let n be p(13). Suppose 9 = 2*x - n. What is the greatest common factor of x and 1?
1
Let j be ((-3080)/(-15))/2*9/6. Calculate the highest common divisor of 14 and j.
14
Suppose o - 41 = -1. Suppose o = b - 36. What is the highest common divisor of b and 19?
19
Suppose r - 6*r + 240 = 0. What is the highest common divisor of 16 and r?
16
Suppose -f + 8 = 3*f. Suppose -2*c - 3*c + 4*d + 344 = 0, 0 = -f*d + 8. Let p = -8 - -16. Calculate the highest common divisor of p and c.
8
Let r be 0 - 0 - (-12 - 4). Calculate the highest common divisor of r and 32.
16
Suppose 9 = 4*h - 23. Let v(z) = -z**2 + 10*z - 7. Let j be v(h). Calculate the greatest common divisor of j and 81.
9
Suppose -2*x - x = -12. Suppose x*u - 4 = 4. What is the greatest common factor of u and 14?
2
Suppose 5*y - 44 = 3*y. Let j be (-10)/8*y*-2. Suppose 45 = 3*p - p - 5*r, 3*p = 5*r + j. Calculate the highest common divisor of p and 20.
10
Let q be (-6034)/(-84) - (5 + 31/(-6)). Let r be 0 - (0 + -27 - 1). Suppose 20 + r = v. Calculate the greatest common divisor of q and v.
24
Let g = 21 - 10. Calculate the greatest common divisor of 22 and g.
11
Let s(w) be the second derivative of -w**5/5 - w**3/3 - 2*w**2 - 7*w. Let d be s(-3). What is the highest common factor of 10 and d?
10
Suppose -4*l + 32 = c + 8, 5*c - 156 = -2*l. What is the greatest common divisor of c and 80?
16
Let m = -11 - -12. Calculate the greatest common divisor of 7 and m.
1
Suppose -5*x - 25 = -2*h, 3*h + 3*x = 1 + 5. Calculate the highest common factor of h and 2.
1
Let k(a) = a**3 + 10*a**2 + 9*a - 6. Let j be k(-9). Let z(s) = s**3 + 5*s**2 - 9*s - 9. Let y be z(j). Calculate the greatest common factor of 99 and y.
9
Let f be -1*5 - (7 + -7). Let y be (3 + -2)/(f/(-20)). What is the highest common divisor of 4 and y?
4
Suppose 0 = 5*l + 25, 2*l = -d - 0*d + 62. Let o(c) = -2*c - 2*c + c. Let m be o(-4). What is the greatest common divisor of m and d?
12
Let n = -95 - 17. Let h = n - -199. What is the highest common factor of h and 29?
29
Suppose -4*c = 1 + 7. Let p be 2/(-4) + (-151)/c. Let s(g) = 5*g**2 + 3*g + 1. Let a be s(-2). Calculate the highest common divisor of a and p.
15
Let z be (66/(-7))/((-5)/35). Let p be 2 - ((-63)/3 - -1). Calculate the greatest common factor of z and p.
22
Let a be 21/(-4) + (-3)/4. Let u = 14 + a. Calculate the highest common factor of u and 16.
8
Suppose -t = -5*t + 44. Let b = -60 - -25. Let r = 90 + b. Calculate the highest common factor of t and r.
11
Suppose 0 = -3*r + 4*w + 34 + 16, 4*w = -20. Suppose -4 + 9 = b. What is the highest common divisor of b and r?
5
Let q(a) = -6*a - 5*a + 1 + 3. Suppose -p = 3*m + 20, -2*p - p = -3*m + 12. Let f be q(p). Calculate the greatest common factor of 23 and f.
23
Let j = -186 - -195. What is the greatest common divisor of 3 and j?
3
Let r be (-12)/(-10)*80/3. Suppose -3*d - 136 = -20*d. What is the highest common divisor of d and r?
8
Suppose g - 45 = -2*g. Let l(z) = z**2 - 2*z - 4. Let b be l(4). Suppose 1 = 2*k + 5*q + b, g = 4*k + 3*q. Calculate the greatest common factor of k and 66.
6
Let y be (2 + 0)/(-2)*-13. Suppose u - y = 5. Calculate the highest common divisor of u and 9.
9
Suppose -2*d + 4*t - 2*t = 0, -2*t = -4. Suppose 4*c - 26 = -d. Let j be c/10 - 594/(-10). Calculate the highest common divisor of 24 and j.
12
Suppose 4*b - 7 = 33. Let y(s) = 20*s. Let k be y(4). What is the highest common factor of b and k?
10
Let i(o) = -7*o**2 - 12*o - 3. Let k(m) = -6*m**2 - 11*m - 2. Let a(n) = -5*i(n) + 6*k(n). Let d be a(-3). What is the highest common factor of d and 12?
12
Let v be (-4)/